{"id":376,"date":"2022-03-24T16:49:09","date_gmt":"2022-03-24T16:49:09","guid":{"rendered":"https:\/\/web4.4vlab.org\/?post_type=product&#038;p=376"},"modified":"2022-04-25T10:37:23","modified_gmt":"2022-04-25T10:37:23","slug":"kit-de-almuerzo","status":"publish","type":"product","link":"https:\/\/web4.4vlab.org\/index.php\/producto\/kit-de-almuerzo\/","title":{"rendered":"KIT DE ALMUERZO"},"content":{"rendered":"<p>Kit de almuerzo con el cual podr\u00e1s disfrutar de una comida equilibrada.<\/p>\n","protected":false},"excerpt":{"rendered":"<p>Encontrar\u00e1s: zumo, caf\u00e9, pan, jam\u00f3n, boller\u00eda, manzana, chocolate.<\/p>\n","protected":false},"featured_media":563,"comment_status":"open","ping_status":"closed","template":"","meta":[],"product_cat":[68],"product_tag":[],"class_list":["post-376","product","type-product","status-publish","has-post-thumbnail","hentry","product_cat-gifts-en-es"],"_links":{"self":[{"href":"https:\/\/web4.4vlab.org\/index.php\/wp-json\/wp\/v2\/product\/376","targetHints":{"allow":["GET"]}}],"collection":[{"href":"https:\/\/web4.4vlab.org\/index.php\/wp-json\/wp\/v2\/product"}],"about":[{"href":"https:\/\/web4.4vlab.org\/index.php\/wp-json\/wp\/v2\/types\/product"}],"replies":[{"embeddable":true,"href":"https:\/\/web4.4vlab.org\/index.php\/wp-json\/wp\/v2\/comments?post=376"}],"wp:featuredmedia":[{"embeddable":true,"href":"https:\/\/web4.4vlab.org\/index.php\/wp-json\/wp\/v2\/media\/563"}],"wp:attachment":[{"href":"https:\/\/web4.4vlab.org\/index.php\/wp-json\/wp\/v2\/media?parent=376"}],"wp:term":[{"taxonomy":"product_cat","embeddable":true,"href":"https:\/\/web4.4vlab.org\/index.php\/wp-json\/wp\/v2\/product_cat?post=376"},{"taxonomy":"product_tag","embeddable":true,"href":"https:\/\/web4.4vlab.org\/index.php\/wp-json\/wp\/v2\/product_tag?post=376"}],"curies":[{"name":"wp","href":"https:\/\/api.w.org\/{rel}","templated":true}]}}